Last updated on 2025-07-18 03:51:07 CEST.
Flavor | Version | Tinstall | Tcheck | Ttotal | Status | Flags |
---|---|---|---|---|---|---|
r-devel-linux-x86_64-debian-clang | 0.1.1 | 1.99 | 26.11 | 28.10 | NOTE | |
r-devel-linux-x86_64-debian-gcc | 0.1.1 | 1.54 | 19.17 | 20.71 | NOTE | |
r-devel-linux-x86_64-fedora-clang | 0.1.1 | 42.54 | OK | |||
r-devel-linux-x86_64-fedora-gcc | 0.1.1 | 41.87 | OK | |||
r-devel-windows-x86_64 | 0.1.1 | 4.00 | 44.00 | 48.00 | OK | |
r-patched-linux-x86_64 | 0.1.1 | 1.93 | 24.13 | 26.06 | OK | |
r-release-linux-x86_64 | 0.1.1 | 1.95 | 24.19 | 26.14 | OK | |
r-release-macos-arm64 | 0.1.1 | 19.00 | OK | |||
r-release-macos-x86_64 | 0.1.1 | 27.00 | OK | |||
r-release-windows-x86_64 | 0.1.1 | 5.00 | 46.00 | 51.00 | OK | |
r-oldrel-macos-arm64 | 0.1.1 | 18.00 | OK | |||
r-oldrel-macos-x86_64 | 0.1.1 | 26.00 | OK | |||
r-oldrel-windows-x86_64 | 0.1.1 | 4.00 | 43.00 | 47.00 | OK |
Version: 0.1.1
Check: CRAN incoming feasibility
Result: NOTE
Maintainer: ‘Zoe Ashwood <zashwood@law.stanford.edu>’
No Authors@R field in DESCRIPTION.
Please add one, modifying
Authors@R: c(person(given = "Zoe",
family = "Ashwood",
role = c("aut", "cre"),
email = "zashwood@law.stanford.edu"),
person(given = "Becky",
family = "Elias",
role = "aut",
email = "Becky.Elias@kingcounty.gov"),
person(given = c("Daniel", "E."),
family = "Ho",
role = "aut",
email = "dho@law.stanford.edu"))
as necessary.
Flavors: r-devel-linux-x86_64-debian-clang, r-devel-linux-x86_64-debian-gcc