Last updated on 2025-07-18 03:50:55 CEST.
Flavor | Version | Tinstall | Tcheck | Ttotal | Status | Flags |
---|---|---|---|---|---|---|
r-devel-linux-x86_64-debian-clang | 0.0.4 | 8.46 | 72.17 | 80.63 | NOTE | |
r-devel-linux-x86_64-debian-gcc | 0.0.4 | 5.87 | 54.86 | 60.73 | NOTE | |
r-devel-linux-x86_64-fedora-clang | 0.0.4 | 126.55 | OK | |||
r-devel-linux-x86_64-fedora-gcc | 0.0.4 | 133.20 | OK | |||
r-devel-windows-x86_64 | 0.0.4 | 10.00 | 142.00 | 152.00 | OK | |
r-patched-linux-x86_64 | 0.0.4 | 8.50 | 67.83 | 76.33 | OK | |
r-release-linux-x86_64 | 0.0.4 | 7.24 | 67.36 | 74.60 | OK | |
r-release-macos-arm64 | 0.0.4 | 49.00 | OK | |||
r-release-macos-x86_64 | 0.0.4 | 83.00 | OK | |||
r-release-windows-x86_64 | 0.0.4 | 10.00 | 131.00 | 141.00 | OK | |
r-oldrel-macos-arm64 | 0.0.4 | 44.00 | OK | |||
r-oldrel-macos-x86_64 | 0.0.4 | 66.00 | OK | |||
r-oldrel-windows-x86_64 | 0.0.4 | 13.00 | 121.00 | 134.00 | OK |
Version: 0.0.4
Check: CRAN incoming feasibility
Result: NOTE
Maintainer: ‘Elliott Gordon-Rodriguez <eg2912@columbia.edu>’
Package CITATION file contains call(s) to old-style personList() or
as.personList(). Please use c() on person objects instead.
Package CITATION file contains call(s) to old-style citEntry(). Please
use bibentry() instead.
Flavors: r-devel-linux-x86_64-debian-clang, r-devel-linux-x86_64-debian-gcc