CRAN Package Check Results for Package gamreg

Last updated on 2025-07-18 03:50:58 CEST.

Flavor Version Tinstall Tcheck Ttotal Status Flags
r-devel-linux-x86_64-debian-clang 0.3 30.67 77.33 108.00 NOTE
r-devel-linux-x86_64-debian-gcc 0.3 25.39 58.61 84.00 NOTE
r-devel-linux-x86_64-fedora-clang 0.3 184.34 OK
r-devel-linux-x86_64-fedora-gcc 0.3 184.95 OK
r-devel-windows-x86_64 0.3 39.00 103.00 142.00 OK
r-patched-linux-x86_64 0.3 35.49 74.59 110.08 OK
r-release-linux-x86_64 0.3 33.62 75.86 109.48 OK
r-release-macos-arm64 0.3 51.00 OK
r-release-macos-x86_64 0.3 102.00 OK
r-release-windows-x86_64 0.3 40.00 102.00 142.00 OK
r-oldrel-macos-arm64 0.3 49.00 NOTE
r-oldrel-macos-x86_64 0.3 92.00 NOTE
r-oldrel-windows-x86_64 0.3 48.00 131.00 179.00 NOTE

Check Details

Version: 0.3
Check: CRAN incoming feasibility
Result: NOTE Maintainer: ‘Takayuki Kawashima <t-kawa@ism.ac.jp>’ No Authors@R field in DESCRIPTION. Please add one, modifying Authors@R: person(given = "Takayuki", family = "Kawashima", role = c("aut", "cre"), email = "t-kawa@ism.ac.jp") as necessary. Flavors: r-devel-linux-x86_64-debian-clang, r-devel-linux-x86_64-debian-gcc

Version: 0.3
Check: LazyData
Result: NOTE 'LazyData' is specified without a 'data' directory Flavors: r-oldrel-macos-arm64, r-oldrel-macos-x86_64, r-oldrel-windows-x86_64