Last updated on 2025-07-18 03:51:05 CEST.
Flavor | Version | Tinstall | Tcheck | Ttotal | Status | Flags |
---|---|---|---|---|---|---|
r-devel-linux-x86_64-debian-clang | 0.6.2 | 8.69 | 166.13 | 174.82 | NOTE | |
r-devel-linux-x86_64-debian-gcc | 0.6.2 | 5.48 | 114.55 | 120.03 | NOTE | |
r-devel-linux-x86_64-fedora-clang | 0.6.2 | 272.37 | NOTE | |||
r-devel-linux-x86_64-fedora-gcc | 0.6.2 | 281.34 | NOTE | |||
r-devel-windows-x86_64 | 0.6.2 | 12.00 | 156.00 | 168.00 | NOTE | |
r-patched-linux-x86_64 | 0.6.2 | 8.50 | 154.14 | 162.64 | NOTE | |
r-release-linux-x86_64 | 0.6.2 | 8.26 | 136.45 | 144.71 | NOTE | |
r-release-macos-arm64 | 0.6.2 | 78.00 | NOTE | |||
r-release-macos-x86_64 | 0.6.2 | 149.00 | NOTE | |||
r-release-windows-x86_64 | 0.6.2 | 12.00 | 157.00 | 169.00 | NOTE | |
r-oldrel-macos-arm64 | 0.6.2 | 87.00 | OK | |||
r-oldrel-macos-x86_64 | 0.6.2 | 132.00 | OK | |||
r-oldrel-windows-x86_64 | 0.6.2 | 16.00 | 203.00 | 219.00 | OK |
Version: 0.6.2
Check: DESCRIPTION meta-information
Result: NOTE
Missing dependency on R >= 4.1.0 because package code uses the pipe
|> or function shorthand \(...) syntax added in R 4.1.0.
File(s) using such syntax:
‘get_model_params.R’ ‘level_from_quantiles.R’ ‘make_request.R’
‘nixtla_client_cross_validation.R’ ‘nixtla_client_detect_anomalies.R’
‘nixtla_client_forecast.R’ ‘nixtla_client_historic.R’
‘nixtla_client_plot.R’ ‘nixtla_validate_api_key.R’
‘validate_exogenous.R’
Flavors: r-devel-linux-x86_64-debian-clang, r-devel-linux-x86_64-debian-gcc, r-devel-linux-x86_64-fedora-clang, r-devel-linux-x86_64-fedora-gcc, r-devel-windows-x86_64, r-patched-linux-x86_64, r-release-linux-x86_64, r-release-macos-arm64, r-release-macos-x86_64, r-release-windows-x86_64