Last updated on 2025-07-18 03:51:14 CEST.
Flavor | Version | Tinstall | Tcheck | Ttotal | Status | Flags |
---|---|---|---|---|---|---|
r-devel-linux-x86_64-debian-clang | 0.0.5 | 14.09 | 24.79 | 38.88 | NOTE | |
r-devel-linux-x86_64-debian-gcc | 0.0.5 | 11.54 | 19.91 | 31.45 | NOTE | |
r-devel-linux-x86_64-fedora-clang | 0.0.5 | 58.86 | OK | |||
r-devel-linux-x86_64-fedora-gcc | 0.0.5 | 62.03 | OK | |||
r-devel-windows-x86_64 | 0.0.5 | 18.00 | 66.00 | 84.00 | OK | |
r-patched-linux-x86_64 | 0.0.5 | 15.28 | 22.28 | 37.56 | OK | |
r-release-linux-x86_64 | 0.0.5 | 15.78 | 22.38 | 38.16 | OK | |
r-release-macos-arm64 | 0.0.5 | 27.00 | OK | |||
r-release-macos-x86_64 | 0.0.5 | 40.00 | OK | |||
r-release-windows-x86_64 | 0.0.5 | 17.00 | 71.00 | 88.00 | OK | |
r-oldrel-macos-arm64 | 0.0.5 | 23.00 | OK | |||
r-oldrel-macos-x86_64 | 0.0.5 | 33.00 | OK | |||
r-oldrel-windows-x86_64 | 0.0.5 | 19.00 | 77.00 | 96.00 | OK |
Version: 0.0.5
Check: CRAN incoming feasibility
Result: NOTE
Maintainer: ‘Marco Giuliano <mgiuliano.mail@gmail.com>’
No Authors@R field in DESCRIPTION.
Please add one, modifying
Authors@R: person(given = "Marco",
family = "Giuliano",
role = c("aut", "cre"),
email = "mgiuliano.mail@gmail.com")
as necessary.
Flavors: r-devel-linux-x86_64-debian-clang, r-devel-linux-x86_64-debian-gcc